2?
254
Calculate the greatest common divisor of 211682 and 1908.
106
Calculate the highest common factor of 489681 and 171.
9
What is the highest common factor of 1720054 and 28?
14
What is the highest common factor of 225 and 6563475?
225
What is the greatest common factor of 806 and 406906?
62
Calculate the highest common factor of 513 and 729.
27
Calculate the greatest common divisor of 40 and 66680.
40
What is the greatest common factor of 90900 and 135?
45
Calculate the greatest common divisor of 2365 and 344.
43
What is the highest common divisor of 7812 and 22444?
124
Calculate the greatest common divisor of 65 and 185874.
13
Calculate the highest common factor of 3331229 and 62.
31
What is the highest common factor of 1422 and 5056?
158
What is the highest common factor of 72460 and 380?
20
What is the greatest common factor of 68808 and 1098?
366
What is the greatest common factor of 5 and 107685?
5
Calculate the highest common divisor of 33408 and 18.
18
What is the highest common factor of 1081695 and 444?
111
What is the highest common factor of 22 and 18557?
11
What is the highest common factor of 693 and 2457?
63
What is the highest common divisor of 2148 and 6981?
537
What is the highest common divisor of 1064 and 1118488?
56
What is the highest common factor of 25876 and 12?
4
Calculate the greatest common factor of 1230990 and 1480.
370
What is the greatest common factor of 292 and 5183?
73
Calculate the highest common factor of 63 and 1537767.
63
What is the greatest common divisor of 250834 and 1670?
334
What is the highest common divisor of 9713 and 242?
11
Calculate the highest common factor of 140 and 103264.
28
Calculate the greatest common divisor of 124611 and 5256.
219
What is the highest common divisor of 6910176 and 637?
637
Calculate the greatest common factor of 517 and 889240.
517
Calculate the greatest common divisor of 214899 and 9.
3
What is the highest common factor of 390061 and 2163?
721
Calculate the highest common divisor of 76232 and 728.
104
What is the highest common divisor of 42957 and 244971?
1161
What is the highest common divisor of 19 and 16853?
19
Calculate the highest common divisor of 4096 and 8944.
16
What is the greatest common factor of 88 and 5744?
8
Calculate the greatest common factor of 46783 and 44.
11
Calculate the highest common factor of 2775 and 47767.
37
What is the greatest common factor of 645 and 2250620?
215
Calculate the greatest common divisor of 165746 and 98.
14
Calculate the greatest common factor of 49703 and 23.
23
What is the highest common factor of 170 and 467840?
170
Calculate the greatest common factor of 1792724 and 148.
148
What is the highest common divisor of 6471 and 495?
9
Calculate the highest common divisor of 97056 and 72.
72
What is the highest common divisor of 520 and 652?
4
Calculate the greatest common factor of 2484 and 4738.
46
Calculate the highest common divisor of 248 and 364932.
124
Calculate the greatest common factor of 9151840 and 80.
80
What is the highest common factor of 70 and 379085?
35
Calculate the greatest common divisor of 151810 and 380.
190
What is the greatest common divisor of 57 and 2090?
19
What is the greatest common divisor of 5478118 and 76?
38
What is the greatest common factor of 127 and 901?
1
Calculate the greatest common factor of 86164 and 182.
26
Calculate the greatest common factor of 38 and 542203.
19
What is the greatest common divisor of 14935 and 2117?
29
What is the greatest common divisor of 378 and 20468?
14
What is the greatest common factor of 1020 and 129166?
34
Calculate the greatest common factor of 13422876 and 372.
372
Calculate the greatest common divisor of 102879 and 42.
21
What is the greatest common divisor of 302320 and 288?
16
Calculate the highest common divisor of 129 and 2757.
3
What is the highest common factor of 28587 and 26?
13
Calculate the highest common factor of 1988 and 6461.
497
What is the greatest common factor of 22 and 485386?
22
What is the highest common factor of 668 and 3393106?
334
What is the greatest common divisor of 996898 and 1302?
434
Calculate the highest common factor of 14 and 1301762.
14
What is the greatest common divisor of 2119656 and 28?
28
What is the highest common factor of 1700595 and 2754?
1377
Calculate the highest common divisor of 8463 and 420.
21
What is the highest common divisor of 14 and 151816?
14
What is the highest common divisor of 3168 and 2178?
198
Calculate the highest common divisor of 876 and 1662.
6
What is the highest common divisor of 1225 and 2375?
25
Calculate the greatest common divisor of 166 and 74534.
166
What is the highest common factor of 155 and 1610605?
155
Calculate the greatest common divisor of 16498 and 1606.
146
Calculate the greatest common divisor of 62679 and 6.
3
Calculate the highest common factor of 2044327 and 199.
199
What is the highest common factor of 17323 and 391?
17
What is the greatest common factor of 248714 and 74?
74
What is the highest common divisor of 36542 and 302?
302
What is the greatest common factor of 93349 and 1011?
337
What is the highest common divisor of 380162 and 12576?
262
Calculate the highest common factor of 475 and 53485.
95
Calculate the greatest common divisor of 254270 and 50.
10
Calculate the greatest common divisor of 104949 and 54.
27
What is the greatest common factor of 2896 and 8869?
181
Calculate the greatest common factor of 2535 and 45864.
39
Calculate the greatest common factor of 45314 and 278.
278
What is the highest common factor of 5 and 2843?
1
What is the highest common factor of 210 and 31740?
30
Calculate the greatest common factor of 9522 and 4383.
9
Calculate the highest common divisor of 1872 and 39234.
78
Calculate the highest common divisor of 366 and 20252.
122
What is the highest common factor of 9 and 873?
9
Calculate the greatest common divisor of 208 and 31552.
16
What is the highest common factor of 47 and 30127?
47
What is the greatest common divisor of 1881 and 83160?
99
Calculate the greatest common divisor of 30 and 315708.
6
What is the greatest common factor of 996 and 3612?
12
Calculate the highest common divisor of 68 and 134657.
17
What is the highest common factor of 1120 and 26600?
280
What is the highest common divisor of 279 and 420732?
279
Calculate the greatest common factor of 6251 and 11039.
133
Calculate the greatest common divisor of 110 and 92290.
110
Calculate the greatest common divisor of 58 and 267061.
29
What is the greatest common factor of 658272 and 132?
12
Calculate the highest common divisor of 1660 and 4316.
332
Calculate the highest common divisor of 2754 and 1258.
34
Calculate the highest common factor of 13212429 and 57.
57
Calculate the highest common factor of 413720 and 40.
40
What is the highest common divisor of 1071 and 12060?
9
What is the highest common factor of 70 and 553658?
14
Calculate the greatest common factor of 199 and 462675.
199
Calculate the highest common factor of 8 and 2642.
2
What is the greatest common divisor of 1740 and 19060?
20
What is the greatest common divisor of 240 and 1416?
24
Calculate the greatest common divisor of 738 and 455674.
82
Calculate the greatest common factor of 4023456 and 84.
12
What is the highest common divisor of 3492 and 10282?
194
Calculate the highest common divisor of 546 and 9906.
78
Calculate the greatest common factor of 396 and 3292.
4
What is the greatest common factor of 9058 and 117107?
647
What is the greatest common divisor of 322280 and 560?
280
Calculate the greatest common factor of 13473 and 108.
27
What is the highest common divisor of 35189 and 539?
77
Calculate the greatest common divisor of 364 and 870506.
182
Calculate the greatest common divisor of 1638 and 108888.
78
What is the greatest common factor of 207 and 48042?
9
What is the highest common factor of 8 and 3180?
4
Calculate the highest common factor of 50615 and 41340.
265
What is the greatest common factor of 352 and 19184?
176
What is the highest common factor of 250562 and 598?
598
Calculate the highest common divisor of 2648 and 10261.
331
What is the highest common divisor of 354 and 130154?
118
Calculate the greatest common factor of 38 and 1387.
19
Calculate the highest commo